t common divisor of 22750 and 15250?
250
What is the greatest common factor of 8817073 and 23?
23
What is the greatest common factor of 7707 and 1281?
21
What is the greatest common divisor of 155 and 15035?
155
What is the greatest common divisor of 276 and 181884?
276
Calculate the greatest common factor of 518 and 6790.
14
Calculate the greatest common factor of 619256 and 434.
62
Calculate the greatest common divisor of 1205 and 11568.
241
What is the greatest common factor of 6704 and 176?
16
What is the highest common factor of 98733 and 4?
1
What is the highest common factor of 105287 and 91?
91
Calculate the highest common factor of 171 and 27132.
57
Calculate the highest common factor of 122 and 503067.
61
What is the highest common factor of 297961 and 407?
37
What is the highest common divisor of 154 and 19712?
154
What is the highest common factor of 472015 and 1675?
335
Calculate the greatest common divisor of 1216084 and 8.
4
Calculate the greatest common divisor of 493 and 43645.
29
What is the greatest common factor of 1775768 and 536?
536
Calculate the highest common divisor of 28 and 419476.
4
What is the highest common factor of 257164 and 9684?
1076
What is the greatest common factor of 3325 and 2825?
25
Calculate the highest common factor of 120 and 4698.
6
Calculate the greatest common factor of 301 and 126119.
301
Calculate the highest common divisor of 10674 and 198.
18
Calculate the highest common factor of 54789 and 2058.
21
What is the highest common divisor of 1800 and 568?
8
What is the highest common divisor of 1650 and 50490?
330
Calculate the greatest common divisor of 13 and 4537.
13
Calculate the highest common divisor of 609630 and 210.
210
What is the greatest common factor of 30 and 90?
30
Calculate the highest common divisor of 6 and 147750.
6
What is the greatest common divisor of 2616 and 3168?
24
What is the highest common divisor of 25454 and 858?
286
Calculate the highest common factor of 294 and 44884.
98
Calculate the greatest common divisor of 7712 and 32.
32
Calculate the highest common divisor of 299867 and 454.
227
What is the greatest common factor of 16 and 291?
1
What is the greatest common divisor of 36171 and 81?
9
Calculate the highest common factor of 2680 and 1016.
8
What is the greatest common factor of 1846714 and 366?
122
What is the greatest common divisor of 2700 and 319140?
540
What is the highest common divisor of 289 and 1445?
289
What is the highest common factor of 6715 and 13983?
79
What is the greatest common factor of 7700 and 452900?
700
Calculate the highest common divisor of 2037001 and 268.
67
Calculate the greatest common factor of 1381044 and 11480.
1148
What is the highest common divisor of 90 and 76302?
18
Calculate the greatest common divisor of 410 and 564898.
82
What is the highest common divisor of 284312 and 112?
56
Calculate the highest common divisor of 27300 and 588.
84
What is the highest common divisor of 1535 and 1585?
5
Calculate the greatest common factor of 5311 and 1645.
47
What is the greatest common divisor of 44178 and 555?
111
What is the greatest common divisor of 3147552 and 864?
864
What is the greatest common divisor of 2051 and 527693?
293
Calculate the greatest common divisor of 2880 and 315.
45
Calculate the highest common divisor of 92589 and 1743.
21
Calculate the greatest common divisor of 587787 and 42.
3
Calculate the greatest common factor of 58280 and 40.
40
What is the highest common factor of 116650 and 20?
10
Calculate the highest common factor of 75668 and 4.
4
Calculate the greatest common divisor of 120240 and 334.
334
What is the highest common factor of 75028 and 4?
4
Calculate the greatest common factor of 863376 and 132.
12
What is the highest common divisor of 54435 and 38?
19
Calculate the highest common factor of 284 and 1003798.
142
What is the highest common factor of 1173870 and 10?
10
Calculate the highest common divisor of 12282 and 3933.
69
What is the greatest common divisor of 21938 and 154?
14
What is the greatest common divisor of 102840 and 30?
30
What is the highest common divisor of 12416078 and 86?
86
What is the highest common divisor of 80 and 890672?
16
Calculate the greatest common divisor of 742 and 341426.
106
What is the greatest common factor of 6627 and 26179?
47
What is the highest common divisor of 1790 and 6?
2
Calculate the greatest common factor of 1890 and 68859.
63
What is the highest common factor of 24318 and 2730?
42
What is the greatest common divisor of 430 and 52090?
10
What is the greatest common divisor of 723 and 19039?
241
Calculate the highest common divisor of 966 and 8274.
42
What is the highest common factor of 78176 and 896?
224
Calculate the highest common factor of 159188 and 51.
17
Calculate the greatest common factor of 603 and 610839.
603
Calculate the highest common factor of 84 and 682059.
21
Calculate the greatest common factor of 1121 and 17024.
19
Calculate the greatest common divisor of 2700 and 50700.
300
What is the greatest common divisor of 21 and 765471?
21
What is the greatest common factor of 2278 and 98222?
134
What is the highest common divisor of 30056 and 52?
52
Calculate the greatest common factor of 1 and 6590.
1
What is the greatest common factor of 22190 and 5670?
70
What is the greatest common factor of 42 and 2106?
6
What is the greatest common factor of 210024 and 36?
36
Calculate the highest common factor of 7309782 and 438.
438
What is the greatest common factor of 7378 and 1785?
119
Calculate the highest common divisor of 6956 and 2068.
188
Calculate the highest common divisor of 49 and 17373293.
49
What is the greatest common factor of 43995 and 45?
15
What is the highest common factor of 130280 and 160?
40
Calculate the highest common divisor of 11136 and 46980.
348
Calculate the greatest common divisor of 733110 and 273.
21
What is the highest common divisor of 54782 and 1806?
602
Calculate the highest common factor of 3 and 281991.
3
Calculate the highest common factor of 414 and 2364354.
414
Calculate the highest common divisor of 87 and 216079.
29
Calculate the highest common factor of 4391010 and 162.
162
What is the highest common factor of 82885 and 22?
11
Calculate the greatest common factor of 467429 and 115.
23
What is the highest common factor of 12 and 81948?
12
What is the highest common factor of 122638 and 34?
34
What is the greatest common divisor of 186 and 15872?
62
Calculate the greatest common divisor of 8587 and 12307.
31
What is the highest common factor of 206 and 2588081?
103
Calculate the highest common factor of 151438 and 609.
203
What is the highest common divisor of 60 and 99460?
20
Calculate the highest common divisor of 2147257 and 161.
161
Calculate the highest common divisor of 90867 and 1596.
21
Calculate the highest common factor of 86504 and 88.
88
Calculate the highest common divisor of 2636 and 196.
4
Calculate the greatest common divisor of 27200 and 4420.
340
What is the greatest common divisor of 5 and 245785?
5
Calculate the greatest common factor of 276 and 206977.
23
Calculate the highest common divisor of 172210 and 5270.
170
Calculate the greatest common divisor of 189042 and 21219.
1929
What is the highest common divisor of 12 and 298884?
12
Calculate the greatest common factor of 25985 and 10.
5
What is the highest common factor of 100 and 14340?
20
Calculate the highest common factor of 364677 and 6.
3
What is the greatest common factor of 36 and 613926?
18
What is the greatest common divisor of 449911 and 77?
77
Calculate the highest common factor of 56810 and 276.
46
Calculate the highest common divisor of 82470 and 645.
15
What is the highest common divisor of 656937 and 348?
87
Calculate the greatest common factor of 644 and 8148.
28
What is the greatest common divisor of 126753 and 495?
33
Calculate the highest common factor of 10619 and 56.
7
What is the highest common divisor of 27522 and 18711?
99
Calculate the greatest common divisor of 272224 and 1692.
188
What is the highest common factor of 17 and 141304?
17
Calculate the greatest common divisor of 1104 and 19274.
46
What is the highest common divisor of 4026 and 120292?
122
Calculate the highest common factor of 528 and 210408.
